 1071686 + -653985. Is c prime?
False
Let i(h) = 3*h**2 + 2*h - 3. Let s be i(4). Let k = s + -54. Is k - 4622/(-11) - 6/33 a composite number?
False
Suppose -4*a - 9*i = -718580, -16*a - 359294 = -18*a - 4*i. Is a prime?
False
Let g = 49 + -37. Suppose 27 = g*j - 3*j. Suppose -6*a = -2*a - r - 631, j*r = a - 144. Is a a prime number?
False
Let u(p) = 38*p**3 - 17*p**2 - 13. Let f(a) = -2*a**3 + 1. Let r(g) = f(g) - u(g). Is r(-7) composite?
True
Let j(p) be the second derivative of -p**5/10 - 17*p**4/24 + 13*p**3/3 - 38*p. Let w(d) be the second derivative of j(d). Is w(-27) composite?
False
Let p = -10 - -5. Let k be ((p - -12)/7)/((-1)/(-1150)). Suppose 5*h - k = 385. Is h a prime number?
True
Let d = 5 - 2. Let b be (4 - (d - 34)) + -1. Suppose -b*u = -29*u - 1655. Is u composite?
False
Suppose 3*y = 2*w - 12, -4*w = w + y - 13. Suppose -w*z + 25 - 13 = 0. Let x(f) = 255*f**2 + 29*f - 3. Is x(z) composite?
True
Let f = 54 - 49. Suppose 5*d + 2*i + 13 = 0, f*d - 3*i - 2 = -20. Is 0 + 2 + 104 - d a composite number?
False
Is (-401203 - 6)/((4/42)/((-22)/33)) composite?
True
Let u(a) = -a**3 - 19*a**2 - 18*a + 5. Let c be u(-18). Let r be 3*(966282/90 - (-1)/c). Suppose -t = 9*t - r. Is t a prime number?
True
Let g be (-36)/90 + 2/5. Suppose 3*r = -2*l + 21, -3*l - 9 = -g*l. Is 18903/r - 2/(-3) a composite number?
True
Suppose 11*n + 216874 - 81882 = 0. Let z = -8001 - n. Is z a composite number?
False
Suppose 0 = 4*s - s. Suppose -a = -s*w + 4*w - 5, a + 1 = -w. Let x(r) = 182*r**2 - r - 10. Is x(a) a composite number?
True
Let c be (6/3)/(10/35). Is c/((-7)/10941*-3) composite?
True
Let q be 1 - (0 - -1)*-2. Let g be 6*9/72 + (-4)/((-32)/(-6)). Suppose -q*m - m + 4*l + 4604 = g, 2*m + 5*l = 2323. Is m a prime number?
False
Suppose 0 = -0*f - 3*f + 4*d + 3506095, 3*f - 3506083 = d. Is f a prime number?
True
Let b(s) = -72*s - 51. Let g = -147 - -122. Let y be b(g). Suppose 3*n - 2*p = 2643, 3*n = n - 3*p + y. Is n composite?
True
Is 1 + -5 - (-9 + 31 - 17389) a composite number?
True
Suppose 0 = 9*j + 9 + 27. Is (-13 + 15)*(-1042)/j prime?
True
Let i be -3*4/42 + (-6156)/63. Let y = i + 170. Suppose 3156 = y*n - 66*n. Is n a prime number?
False
Let n(t) = -7273*t - 5. Let s be n(3). Let b = -14035 - s. Is b a prime number?
True
Let i be 1071/14*-2*-9. Suppose i*f + 14221 = 1378*f. Is f a prime number?
True
Let a(h) = -55863*h**3 + 73*h**2 + 72*h + 1. Is a(-1) a prime number?
False
Let s(r) = -1046*r**3 + 11*r**2 - 19*r + 25. Is s(-6) composite?
True
Let a = -438552 + 775849. Is a prime?
False
Suppose -3*h = -10*h + 119. Suppose -93 = 3*t - n, t + 2*n + h = 7*n. Is t/8*1556/(-16) a composite number?
False
Let r(a) = 4603*a**3 + a**2 - 7*a + 5. Let w be r(2). Suppose -6*b - 3*b = -w. Is b composite?
False
Suppose 0 = -888*x + 915*x - 1872747. Is x composite?
True
Let x = 397900 - 175241. Is x composite?
False
Let u(y) = 61*y**2 + y + 63. Is u(-6) a prime number?
False
Let n(d) be the first derivative of d**3/3 - 13*d**2/2 + 26*d - 12. Let h be n(11). Is ((-2 - h) + 1)*(-838)/10 composite?
False
Let j(k) = -k**3 - 7*k**2 + 248*k + 67. Is j(-43) prime?
True
Suppose -4*d - 118332 = 3*z - 450673, 4*z - 3*d = 443113. Is z prime?
False
Let d(n) = 2*n**2 - 8*n - 481. Is d(52) a composite number?
True
Suppose 5*o = 6*o. Let f be (-98174)/(-14) + (-6)/14. Suppose o = 4*a - 5*t - f, -5*a + 7649 + 1116 = -4*t. Is a prime?
True
Is (((-12)/33)/2 - (-210)/(-55)) + 4271 composite?
True
Let i(u) = -23825*u - 72. Let z be i(-4). Suppose 38*l - z = 15466. Is l composite?
True
Suppose 2*m + 0 = 8. Suppose 113 = g - m. Suppose -f - g = -604. Is f a composite number?
False
Let n(j) = 665*j - 20. Let m be n(4). Let x(g) = g**2 - 12. Let f be x(-4). Suppose 0 = -h + f*o + 890, o = 3*h - o - m. Is h a prime number?
False
Let o(g) = g**3 + 29*g**2 + 79*g + 31. Let w be o(-26). Suppose w*j = -3*z + 9158, -7*j + 2*j = -5*z + 15210. Is z composite?
True
Let g(c) = -19*c - 117. Let p(f) = -4*f - 1. Let x(m) = -g(m) + 5*p(m). Is x(-15) a prime number?
True
Let v be ((-55475)/(-100))/(((-6)/(-8))/3). Let y = -886 + v. Suppose 1440 = 3*l + 3*g, -y - 99 = -3*l + 5*g. Is l a composite number?
False
Let b = 15 + -15. Let q(y) = 3*y + 419 - 4*y - 32*y**3 + 30*y**3 + 3*y**2 - 5*y**2. Is q(b) a prime number?
True
Suppose 9*q + 6678 = -7704. Let o = 7739 - q. Is o a prime number?
True
Let k(t) = -t**3 + t**2 - 2*t + 3347. Let n be k(0). Suppose 0 = 4*p - 8, 4238 = 3*z - 4*p - n. Is z composite?
False
Suppose 3*n = -2*a + 99101, -3*a = -5*n + 9*n - 132134. Is n a prime number?
False
Let r = 315 + -312. Suppose 3*i = b + 4319, 0 = r*b - b - 8. Is i prime?
False
Let m(s) = 616*s + 23. Let g(f) = 1847*f + 71. Let v(w) = 2*g(w) - 7*m(w). Is v(-11) prime?
True
Let n(t) = -t + 4*t - 1 - 2 + 23. Let f be n(-5). Suppose -f*b + 295 + 1160 = 0. Is b composite?
True
Suppose 5*w - 3*p - 551 = 569, -5*w = -2*p - 1115. Is w prime?
False
Let i be (12/(-22))/(-3) - 2/11. Suppose -4*f - 595 = -2*f + 3*v, -5*f - 2*v - 1515 = i. Let p = -102 - f. Is p a composite number?
True
Let p(o) = -o**2 - 4*o + 36. Let l be p(4). Suppose -l*q = -2*b + 6810, -14*q + 10*q = -5*b + 17031. Is b prime?
True
Let t = -154417 + 89091. Let d = 120633 + t. Is d composite?
True
Let f(m) = -6740*m - 168. Let c be f(-15). Suppose 4*z - 101752 = c. Is z a prime number?
True
Let o be (1354/(-4) - 2)/(6/392). Let b = o - -42135. Is b a prime number?
True
Suppose -78*w = 445*w - 138758699. Is w composite?
False
Suppose -5*h = -16*h - 15510. Let m = -797 - h. Is m prime?
True
Suppose -167*y + 148*y = -55613. Is y a prime number?
True
Let f(r) = 2041*r - 204. Let q(d) = -680*d + 67. Let a(v) = 6*f(v) + 17*q(v). Is a(7) composite?
True
Let i(c) = -24*c + 147. Let j be i(-12). Let u = j + -49. Is u a composite number?
True
Let c(i) = 1531*i**2 + 4*i - 26. Is c(-4) prime?
False
Suppose -8476214 = -30*k - 273224. Is k composite?
False
Suppose -4*c - 240 = -10*h + 8*h, -2*c = -3*h + 120. Is -2 + c/(-27) + (-209332)/(-36) composite?
True
Let w = -37 - -39. Suppose -3*k - k = r + 14, 4*r + w*k = 0. Is 1/r*(30/(-6) - -367) prime?
True
Suppose -85488 = -2*l + b + 16972, 0 = -5*l + 2*b + 256149. Is l a composite number?
False
Suppose -42 = -3*v + 2*x - 47, -v = -3*x - 3. Suppose 287 + 3894 = -4*c - 3*h, 5 = h. Is (c/v)/(13/3 + -4) a composite number?
False
Let a(v) = 6*v**2 + 11*v - 80. Let p = 130 + -121. Is a(p) a prime number?
False
Let u = -16187 + 172848. Suppose -5*r + 46*r = u. Is r composite?
False
Let b = 878209 - 447560. Is b composite?
False
Suppose 0 = -6*h - 10 - 2. Let n be (h - -8)*((-25)/30 - -1). Is 1 + 542 - (n - (-2)/2) composite?
False
Let d(h) = -906*h**3 - 9*h**2 - 2*h - 7. Let f be d(-4). Suppose 16*s - f = 9*s. Is s prime?
True
Suppose 4*v = 4*c - 598988, v = -4*c - 195139 + 794137. Is c prime?
True
Let i be ((-56)/12 - -3)*21. Let l = i - -37. Suppose 0*h - 1630 = -l*h. Is h a prime number?
False
Suppose 188 = 3*n + n + 4*u, -3*n - 5*u + 145 = 0. Suppose -n*s + 5132 = -43*s. Is s a composite number?
True
Let q(z) = -17*z**3 - z**2 - 29*z - 17. Let j(o) = -o**3. Let s(c) = 2*j(c) - q(c). Is s(8) composite?
False
Let t(d) = 19*d**3 - 2*d**2 + 7*d + 27. Let i be t(-6). Let v = -2990 - i. Is v a prime number?
True
Let s(f) = -f**3 - 8*f**2 + 21*f + 15. Let x be s(-12). Let m = 768 - 258. Suppose m = n - x. Is n a composite number?
True
Let y(u) = -1322*u - 27. Is y(-4) a prime number?
True
Let a(y) = -326*y - 7. Suppose -2*i + 26 = 36. Is a(i) a prime number?
False
Is (-10)/(-6)*(-43461231)/(-935) a composite number?
False
Suppose 0 = 3*l - 4*g - 1260554, -13*g + 8*g - 1260553 = -3*l. Is l/52*30/9 a prime number?
False
Suppose -5*t - 5*q + 1357655 = 0, 3*t - 3*q - 1235051 = -420422. Is t a prime number?
False
Suppose 3*t + 3*g = 6*t - 186, -5*g + 221 = 4*t. Let v = -54 + t. Suppose v*q = -2*b + 1306 + 1373, 0 = -5*q + 2*b + 2671. Is q prime?
False
Suppose -7 = -5*i + 8. Suppose -3*k = 4*g + 1502, g + i*k + 280 = -91. Let h = g - -756. Is h prime?
True
Suppose 2*a - 5*c = 2, 6*c = 4*a + 3*c - 18. Is (9/a)/(39/33332) a prime number?
False
Suppose -5*g = -u + 8834, 0 = -5*u - 32*g + 35*g + 44280. Is u prime?
False
Let c = 24 + 6. Let k(x) = x**3 - 28*x**2 - 51*x + 67. Is k(c) prime?
True
Let r(v) = -12*v - 21. Let n b